of 283418.
2, 141709
List the prime factors of 10817847.
3, 149, 2689
List the prime factors of 3574103.
13, 274931
What are the prime factors of 3571740?
2, 3, 5, 19843
What are the prime factors of 13215241?
13, 19, 53503
What are the prime factors of 11399966?
2, 5699983
List the prime factors of 4825188.
2, 3, 134033
List the prime factors of 37973.
13, 23, 127
What are the prime factors of 656432?
2, 7, 5861
What are the prime factors of 18323917?
37, 495241
List the prime factors of 484465.
5, 96893
What are the prime factors of 1471356?
2, 3, 23, 1777
List the prime factors of 665702.
2, 332851
List the prime factors of 93924.
2, 3, 2609
What are the prime factors of 4420153?
17, 260009
What are the prime factors of 293919?
3, 97973
What are the prime factors of 75733?
7, 31, 349
List the prime factors of 765942.
2, 3, 127657
List the prime factors of 9409562.
2, 4704781
What are the prime factors of 368408?
2, 46051
What are the prime factors of 1133196?
2, 3, 94433
What are the prime factors of 1328871?
3, 23, 19259
What are the prime factors of 922075?
5, 7, 11, 479
What are the prime factors of 1269736?
2, 13, 29, 421
List the prime factors of 392115.
3, 5, 26141
What are the prime factors of 4516613?
661, 6833
What are the prime factors of 136905?
3, 5, 9127
What are the prime factors of 17401978?
2, 11, 71909
List the prime factors of 7411291.
7411291
List the prime factors of 15907156.
2, 719, 5531
List the prime factors of 2291446.
2, 1145723
What are the prime factors of 2095510?
2, 5, 19, 41, 269
List the prime factors of 6101487.
3, 7, 17, 211
List the prime factors of 106536.
2, 3, 23, 193
List the prime factors of 4447990.
2, 5, 107, 4157
List the prime factors of 6852658.
2, 41, 193, 433
What are the prime factors of 158275?
5, 13, 487
List the prime factors of 1500557.
83, 101, 179
List the prime factors of 891084.
2, 3, 74257
What are the prime factors of 11366847?
3, 109, 11587
What are the prime factors of 335098?
2, 131, 1279
What are the prime factors of 22713875?
5, 181711
What are the prime factors of 1484332?
2, 371083
List the prime factors of 2977947.
3, 7, 47269
List the prime factors of 1890008.
2, 31, 7621
What are the prime factors of 2635342?
2, 1317671
What are the prime factors of 227389?
29, 7841
List the prime factors of 6632801.
7, 467, 2029
List the prime factors of 35684061.
3, 7, 743, 2287
What are the prime factors of 20065289?
79, 499, 509
List the prime factors of 789240.
2, 3, 5, 6577
List the prime factors of 257161.
257161
What are the prime factors of 295469?
19, 15551
What are the prime factors of 763419?
3, 17, 14969
What are the prime factors of 295984?
2, 13, 1423
List the prime factors of 414726.
2, 3, 13, 409
List the prime factors of 4537177.
229, 19813
What are the prime factors of 8405731?
73, 113, 1019
List the prime factors of 351497.
351497
List the prime factors of 22997808.
2, 3, 159707
What are the prime factors of 18693201?
3, 67, 93001
List the prime factors of 2758339.
83, 167, 199
What are the prime factors of 25443?
3, 11, 257
List the prime factors of 9160456.
2, 1145057
What are the prime factors of 1146531?
3, 17, 22481
List the prime factors of 16157695.
5, 19, 170081
List the prime factors of 2656531.
1321, 2011
List the prime factors of 42647.
11, 3877
What are the prime factors of 108406?
2, 67, 809
What are the prime factors of 19352545?
5, 17, 19, 23, 521
List the prime factors of 884075.
5, 35363
List the prime factors of 289550.
2, 5, 5791
What are the prime factors of 31873?
31873
What are the prime factors of 938953?
938953
What are the prime factors of 3773496?
2, 3, 157229
List the prime factors of 1330706.
2, 13, 31, 127
List the prime factors of 10651224.
2, 3, 83, 5347
What are the prime factors of 5608835?
5, 59, 19013
List the prime factors of 26479086.
2, 3, 137, 32213
List the prime factors of 20408511.
3, 6802837
What are the prime factors of 22650235?
5, 149, 30403
List the prime factors of 168998.
2, 84499
List the prime factors of 614049.
3, 197, 1039
List the prime factors of 1179302.
2, 23, 31, 827
What are the prime factors of 6169144?
2, 771143
List the prime factors of 3921020.
2, 5, 196051
List the prime factors of 874802.
2, 437401
List the prime factors of 340968.
2, 3, 14207
List the prime factors of 436822.
2, 37, 5903
List the prime factors of 556180.
2, 5, 27809
List the prime factors of 12206560.
2, 5, 23, 31, 107
List the prime factors of 328155.
3, 5, 131, 167
What are the prime factors of 87168?
2, 3, 227
What are the prime factors of 323854?
2, 193, 839
List the prime factors of 948533.
948533
What are the prime factors of 1121498?
2, 7, 80107
List the prime factors of 42628.
2, 10657
What are the prime factors of 708822?
2, 3, 53, 743
What are the prime factors of 555285?
3, 5, 37019
List the prime factors of 2932513.
71, 103, 401
List the prime factors of 398595.
3, 5, 26573
What are the prime factors of 2462877?
3, 273653
What are the prime factors of 425864?
2, 53233
What are the prime factors of 11219990?
2, 5, 43, 97, 269
List the prime factors of 3897742.
2, 337, 5783
What are the prime factors of 766215?
3, 5, 17027
What are the prime factors of 2497034?
2, 193, 6469
What are the prime factors of 4042069?
4042069
What are the prime factors of 613969?
613969
List the prime factors of 942022.
2, 53, 8887
List the prime factors of 8699270.
2, 5, 869927
List the prime factors of 1287305.
5, 79, 3259
What are the prime factors of 14337031?
14337031
List the prime factors of 692117.
692117
List the prime factors of 10846608.
2, 3, 89, 2539
List the prime factors of 687412.
2, 11, 17, 919
List the prime factors of 621406.
2, 157, 1979
What are the prime factors of 8247?
3, 2749
What are the prime factors of 456596?
2, 7, 23, 709
List the prime factors of 12648210.
2, 3, 5, 421607
List the prime factors of 237197.
193, 1229
List the prime factors of 104131.
101, 1031
What are the prime factors of 257021?
31, 8291
What are the prime factors of 911026?
2, 455513
List the prime factors of 7951224.
2, 3, 331301
List the prime factors of 1770303.
3, 251, 2351
What are the prime factors of 16760647?
101, 165947
What are the prime factors of 610025?
5, 13, 1877
What are the prime factors of 1604661?
3, 277, 1931
What are the prime factors of 2571225?
3, 5, 34283
What are the prime factors of 10463694?
2, 3, 401, 4349
List the prime factors of 157767.
3, 43, 1223
List the prime factors of 574443.
3, 83, 769
What are the prime factors of 466461?
3, 51829
List the prime factors of 1550665.
5, 103, 3011
List the prime factors of 130.
2, 5, 13
What are the prime factors of 967009?
601, 1609
List the prime factors of 334616.
2, 151, 277
What are the prime factors of 35219951?
13, 223, 12149
List the prime factors of 3827765.
5, 199, 3847
List the prime factors of 6574197.
3, 7, 37, 8461
What are the prime factors of 452697?
3, 7, 21557
List the prime factors of 164427.
3, 23, 2383
What are the prime factors of 568710?
2, 3, 5, 71, 89
List the prime factors of 7810600.
2, 5, 7, 797
List the prime factors of 4970403.
3, 61363
What are the prime factors of 4114516?
2, 7, 23, 6389
List the prime factors of 22862185.
5, 4572437
What are the prime factors of 4815635?
5, 11, 87557
List the prime factors of 335527.
335527
List the prime factors of 2352211.
41, 103, 557
What are the prime factors of 785111?
17, 46183
What are the prime factors of 820483?
43, 19081
List the prime factors of 12656.
2, 7, 113
What are the prime factors of 16800315?
3, 5, 7, 43, 61
List the prime factors of 667296.
2, 3, 7, 331
List the prime factors of 29361598.
2, 7, 2097257
What are the prime factors of 8188247?
31, 264137
List the prime factors of 4657531.
379, 12289
List the prime factors of 603885.
3, 5, 127, 317
List the prime factors of 4036863.
3, 1345621
List the prime factors of 628713.
3, 69857
What are the prime factors of 261547?
11, 13, 31, 59
List the prime factors of 10962909.
3, 17, 79, 907
What are the prime factors of 1299719?
53, 137, 179
List the prime factors of 383427.
3, 11, 1291
List the prime factors of 173119.
233, 743
What are the prime factors of 4247321?
13, 157, 2081
List the prime factors of 1249056.
2, 3, 4337
List the prime factors o